e
Let s(i) = 17*i**2 + 22*i - 134. Let g be s(28). Suppose 5*b - g - 45595 = 0. Is b composite?
True
Suppose -2*s + 4*h + 7438 = 0, -2*s - 3*h = -7678 + 275. Is s a composite number?
False
Suppose 89*t - 71322 = 88*t. Let b be t/(-24) + (-6)/(-8). Let z = b + 4608. Is z prime?
True
Let p(d) = -1495*d - 242. Is p(-19) composite?
False
Suppose 14 = 5*h + 2*h. Suppose 3*x - 3*g = h*g + 20, -4*x = 4*g + 16. Is x*(12/4 - 2) - -2029 prime?
True
Suppose 0 = 4*o + 65582 - 240690. Is o prime?
True
Suppose -40*i + 45*i - 722032 = -3*p, 3*i - 433227 = 6*p. Is i composite?
False
Let n(c) = -1513*c**2 + 19*c - 90. Let k be n(6). Is (1*-2)/20 - k/40 a prime number?
True
Suppose -5 = -0*b - 5*b, -4*b - 1 = -5*m. Let c(u) = m - 932*u**2 + 940*u**2 + 4. Is c(-6) prime?
True
Suppose 2*x - 215 = 845. Let h = 1127 + x. Is h composite?
False
Suppose 5*g - 35 = -10. Let v be 5006/(-2)*(g - 3). Is (v/(1 + 0) + 0)/(-2) composite?
False
Suppose -5*q = d + 441, 5*q = 13*d - 15*d - 882. Let j = 3748 + d. Is j a prime number?
True
Is (-108)/(-90)*15 - -36659 a composite number?
False
Suppose 3*j + 4*u = 880831, -14*j + 2*u + 587244 = -12*j. Suppose 35*l + j = 2160762. Is l prime?
False
Let l = 263797 - -71776. Is l a prime number?
False
Suppose -33*a + 5*i = -29*a - 154, -a = 4*i - 49. Suppose 0 = a*h - 7*h - 41446. Is h a composite number?
True
Let n = 18 + -13. Suppose 3620 = -0*j + n*j. Let h = -453 + j. Is h a composite number?
False
Let d = 179 + -179. Suppose -3*a - a + 56 = d. Is a composite?
True
Let f = 714443 - 482914. Is f a composite number?
False
Suppose -5 = -r, 28*q - 31*q - 143 = 2*r. Let s(p) = -p**3 - 50*p**2 - 22*p - 121. Is s(q) a prime number?
False
Is (-1075)/(-430) + 3619*(-69)/(-6) a composite number?
False
Suppose -145*n = -136*n + 63. Is ((-131636)/6)/((56/12)/n) a composite number?
False
Is 100/1450 - (-1188447)/29 a composite number?
True
Let c(m) be the second derivative of 9*m**4/2 + 4*m**3/3 - 19*m**2/2 - 5*m. Suppose -p - 4*g + 12 = -3*p, 14 = p + 2*g. Is c(p) a prime number?
True
Let k(h) = -558*h - 23. Suppose -464 = 3*i + l - 144, 0 = -i - 3*l - 96. Let c = -111 - i. Is k(c) prime?
False
Is 126933/(21/7 + 0) prime?
False
Let x(v) = 4*v**2 + v**2 + v**3 + 4*v + 9*v**2 - 4*v**2 - 20. Let j be x(-10). Is ((-298)/(-3))/((j/9)/(-10)) prime?
True
Let b = -357 + 696. Let m = b - 743. Let l = -97 - m. Is l a prime number?
True
Let h = 8524 + -5968. Is h - (-1)/1*1 a prime number?
True
Let o(m) = 6713*m + 1754. Is o(13) a composite number?
True
Let r(k) be the second derivative of -k**5/20 - 7*k**4/12 + 11*k**3/6 + 16*k**2 + 45*k. Is r(-9) a composite number?
True
Is (1/((-15)/529089))/(152/(-760)) prime?
False
Is ((-42)/(-90) - (24/45)/4)*420873 composite?
True
Let f = 29387 + -3720. Is f a composite number?
False
Let v(j) = 2273*j - 760*j - 3 - 288*j + 1149*j + 3234*j. Is v(2) a composite number?
False
Let z(g) = 13*g**2 - g - 8. Let d be z(5). Let r(k) = 883*k**2 - 2*k - 1. Let h be r(-1). Suppose d - h = -4*c. Is c composite?
True
Let t(v) = v**3 + 59*v**2 - 736*v - 31. Is t(-58) a composite number?
False
Let v(n) be the second derivative of n**6/40 - n**5/6 - n**4/8 + n**3/6 + 5*n. Let y(i) be the second derivative of v(i). Is y(10) a prime number?
False
Let c = 27240 + -13399. Is c prime?
True
Let t(q) = 9*q - 52 - 7*q - 8*q. Let c be t(-7). Let g(s) = 39*s**2 - 4*s - 5. Is g(c) composite?
True
Let m = 157 - 928. Is -3 + 6 - (m + 5)*4 composite?
False
Let o be 0 + (-2)/(14/(-35)). Suppose o*y + 5446 = -a + 2*a, 5*a - 2*y = 27345. Is a a prime number?
True
Suppose -2*b + 9376 = 2*r, -4*r = -5*b + 15895 + 7563. Suppose 0 = 4*a - 2*q - b, -3*a + 5*q + 3521 = -0*a. Suppose -20*p = -16*p - a. Is p composite?
False
Let i = 437 - 470. Let v(l) = -71*l - 262. Is v(i) a composite number?
False
Suppose -138 = -4*l - n, 4*l - 5*n = 6 + 144. Suppose -14*z + l*z = 76251. Is z a prime number?
True
Let y = -2095302 + 4479041. Is y prime?
True
Let g = 9268 - 3674. Let t be -2*(-1 + 2) - 3625. Let l = t + g. Is l prime?
False
Let f be 796*(4 - (-18)/(-8)). Suppose -5*l + 3722 = -f. Let i = l - 476. Is i a composite number?
False
Let s(t) be the second derivative of 55*t**4/4 - t**3/3 + t**2 + 2*t + 14. Is s(3) a composite number?
False
Let u(y) = 2*y - 8. Let g be u(6). Suppose 3*w = -q + 133, 3*q + g*w + 0*w - 409 = 0. Is q a prime number?
True
Let a(j) = 540*j + 4693. Is a(92) a prime number?
False
Is ((-54094)/215)/((-16)/17285) - 18/(-48) a prime number?
True
Suppose -4*x + 148 = 4*z, 4*x + 5*z + 36 - 180 = 0. Suppose a - 10 = 3*a - 2*g, 0 = 5*a + 3*g + x. Is (-5)/((-105)/14517) - (-2)/a a composite number?
False
Let x(q) be the second derivative of 271*q**4/2 + 2*q**3/3 + q**2/2 + 23*q - 3. Is x(4) a prime number?
False
Let t be (-10 + 4 - -6)/(0 + 1). Let q(o) = -o**2 + 415. Let s(w) = -w**2 - w + 416. Let a(d) = 3*q(d) - 2*s(d). Is a(t) a composite number?
True
Let b(w) = -86*w - 16. Let z(r) = 173*r + 33. Let f(v) = -v**3 - v**2 + 2*v + 9. Let c be f(0). Let t(k) = c*b(k) + 4*z(k). Is t(-5) composite?
True
Let y = -26 - -87. Let a = y - 59. Is 3/a*(-2 - (-67240)/30) prime?
True
Let q = 1066029 - 494342. Is q a prime number?
False
Let q = 43 + -40. Suppose -o = 5*t - 24, -6*o + o = q*t - 32. Suppose 3*p - 521 = -0*p - 2*z, -693 = -o*p - 3*z. Is p composite?
True
Let g be (2 - 6) + -204 + 0 + -4. Let o = 625 + g. Is o a composite number?
True
Let n(h) = 3*h**2 - 17*h + 14. Let b be n(4). Is (-2)/b*1 - 15348/(-18) a prime number?
True
Let a(w) = -w**3 + 15*w**2 + 17*w + 8. Let f be (-6)/(-2 + (-48)/(-20)). Is a(f) a composite number?
True
Let x be ((-80)/6)/(6 - 830/138). Suppose 44006 = 6*b + x. Is b a prime number?
False
Is (-1 + 7)/(282/10916173) composite?
False
Let j be (0 + -1)/(-3*1/(-2868)). Is (3 + j)/(1 + -2) a prime number?
True
Let d(u) = -28336*u - 3677. Is d(-9) a composite number?
False
Let q(s) be the first derivative of 5*s**2 - 30*s + 31. Let r be q(4). Suppose 11*b - 1865 = r*b. Is b a prime number?
False
Let j = 13991 + -6904. Is j a composite number?
True
Let h(t) = -t**3 - 15*t**2 - 14*t. Let y be h(-14). Let v be 2 + y/3 - 5*31. Is 1249/9 + (-34)/v a prime number?
True
Let o(g) = 1433*g**2 - 169*g - 2417. Is o(-13) a prime number?
False
Is ((-886)/6)/((-1)/3777) a composite number?
True
Let q = -32 + 42. Let v(w) = -17 + 32 + q*w**2 - 17. Is v(6) composite?
True
Suppose 3*f = -h + 68494, -5*h + 1110*f + 342379 = 1112*f. Is h composite?
False
Suppose b - 3674 = 338. Suppose 18*d = 13264 - b. Is d a prime number?
False
Let k be 5/(25/(-2)) - 49851/(-15). Suppose 3*d + d - 2*i = 3326, -k = -4*d - i. Is d prime?
False
Suppose 0 = 3*q + 91674 + 69558. Is (q/64)/(3/(-12)) a prime number?
True
Suppose 2*n = -s + 1740, 11*n - 10*n = 4*s - 6915. Let t = s - 650. Let k = t - 761. Is k a prime number?
False
Let h(k) = 2047*k**2 - 74*k + 375. Is h(10) composite?
True
Let v = 1915825 - 1182368. Is v a prime number?
False
Let c = 11 - 14. Let p be (35 + -6)/(c/1257) - -4. Is p/2*(-30)/45 prime?
True
Let z(g) = 375*g + 96. Let u be z(-13). Let l = -1784 - u. Is l prime?
False
Suppose 445386 = -2913*j + 2919*j. Is j prime?
True
Suppose -1754999 = -46*x + 1266633 + 3869214. Is x a prime number?
False
Let b(t) = -4*t + 42. Let c be (-51)/(-21) + -2 + (-176)/(-14). Let n be b(c). Let i = 137 + n. Is i a prime number?
True
Suppose 0*z - 20 = -z + 5*a, 4*z = a + 42. Suppose z*v - 12 = 4*v. Suppose 0 = -t - 6*s + v*s + 333, -2*t + 650 = 4*s. Is t a composite number?
False
Let i(l) = 67*l**2 + 12*l - 7. Let o(n) = n**2 - 17*n - 30. Let a be o(19). Is i(a) composite?
True
Let f(i) = -i**3 + 2*i**3 + 21*i**2 + 2*i**3 - 4*i**3 + 62*i + 25. Is f(22) prime?
False
Let j be -40*7*138/(-5). Suppose 0 = 3*x + 2829 - j. Is x prime?
False
Suppose -o = 4*z + 11663, -8189 = o - 4*z + 3442. Let q = o + 30020. Is q prime?
False
Let s = -32 + 24. Suppose 2 = -2*o, 0*o + o + 21 = q. Is 740/s*(-8)/q a prime number?
True
Suppose 3*m = -5*g + 26887, -3*g + 15977 = -2*m - 178. Is g a prime number?
True
Suppose 23*v - 174036 - 452129 = 158664. Is v a prime number?
True
Let g = 26009 - 2116. Is g composite?
False
Let z = -3651103 + 5199294. Is z a prime number?
False
Is (-101074)/1*(574/(-28))/41 prime?
False
Suppose 212*c + 756244 = 216*c. Is c prime?
True
Let j(h) = 